{"id":52,"date":"2017-02-12T17:17:41","date_gmt":"2017-02-12T17:17:41","guid":{"rendered":"https:\/\/cavbesana.it\/?page_id=52"},"modified":"2023-06-15T12:03:44","modified_gmt":"2023-06-15T11:03:44","slug":"adoption","status":"publish","type":"page","link":"https:\/\/cavbesana.it\/?page_id=52","title":{"rendered":"Chi Siamo"},"content":{"rendered":"<p>[vc_row css=&#8221;.vc_custom_1488453351735{padding-bottom: 5.76rem !important;}&#8221;][vc_column width=&#8221;1\/2&#8243;][vc_column_text css=&#8221;.vc_custom_1686575321950{margin-bottom: 2.2rem !important;}&#8221;]<\/p>\n<h2><span class=\"trx_addons_hover\">&#8211;<\/span>Centro Aiuto alla Vita<span class=\"trx_addons_hover\"> &#8211; Besana Brianza<br \/>\n<\/span><\/h2>\n<p>[\/vc_column_text][vc_column_text]1987.In quegli anni anche a Besana ci sono state situazioni emergenziali dalle pi\u00f9 tragiche, con donne morte per setticemia a situazioni pi\u00f9 ricorrenti di persone che non si sentivano di continuare la gravidanza soprattutto per problemi economici:<\/p>\n<p>\u201cio impegnato nella vita comunitaria di questo piccolo paese mi sono sentito sollecitato da questa situazione. Nel massimo rispetto della libert\u00e0 degli altri volevo dare alle persone che erano in questa situazione la possibilit\u00e0 di scegliere liberamente., volevo proporre qualcosa che sarebbe stato in grado di dire ad una persona in difficolt\u00e0: guarda che ti possiamo dare una mano sia dal punto di vista sanitario, sia dalla punta di vista economico e psicologico perch\u00e9 la vita e importante, la vita \u00e8 bella e se ti vuoi tenere il bambino avrai tutti gli aiuti necessari per portare avanti e far crescere la tua creatura.<\/p>\n<p>&#8220;Annoni Costante &#8211; Fondatore CAV&#8221;[\/vc_column_text][\/vc_column][vc_column width=&#8221;1\/2&#8243;][vc_single_image image=&#8221;1311&#8243; img_size=&#8221;420&#215;401&#8243; alignment=&#8221;center&#8221;][\/vc_column][\/vc_row][vc_row full_width=&#8221;stretch_row&#8221; css=&#8221;.vc_custom_1686827020297{padding-top: 6.65rem !important;padding-bottom: 7.6rem !important;background-image: url(https:\/\/cavbesana.it\/wp-content\/uploads\/2023\/06\/Cav_besana_aiuto3.jpg?id=1509) !important;background-position: center !important;background-repeat: no-repeat !important;background-size: cover !important;}&#8221;][vc_column width=&#8221;1\/2&#8243; offset=&#8221;vc_col-lg-5 vc_col-md-6 vc_col-xs-12&#8243;][vc_column_text css=&#8221;.vc_custom_1686826688448{margin-bottom: 2.5rem !important;}&#8221;]<\/p>\n<h2 class=\"sc_item_title sc_title_title sc_align_left sc_item_title_style_default sc_item_title_tag\">Gli Obbiettivi del CAV-Besana<\/h2>\n<p>[\/vc_column_text][vc_cta h2=&#8221;&#8221; color=&#8221;grey&#8221; add_icon=&#8221;left&#8221; i_icon_fontawesome=&#8221;icon-info&#8221; i_color=&#8221;white&#8221; i_background_style=&#8221;rounded-less&#8221; i_background_color=&#8221;custom&#8221; i_link=&#8221;url:https%3A%2F%2Fcavbesana.it%2F%3Fpage_id%3D70|target:_blank&#8221; i_custom_background_color=&#8221;#f05f5a&#8221;]<\/p>\n<h6 class=\"trx_addons_no_margin\">Supporto a donne in gravidanza<\/h6>\n<p>[\/vc_cta][vc_cta h2=&#8221;&#8221; color=&#8221;grey&#8221; add_icon=&#8221;left&#8221; i_icon_fontawesome=&#8221;icon-info&#8221; i_color=&#8221;white&#8221; i_background_style=&#8221;rounded-less&#8221; i_background_color=&#8221;custom&#8221; i_link=&#8221;url:https%3A%2F%2Fcavbesana.it%2F%3Fpage_id%3D70|target:_blank&#8221; i_custom_background_color=&#8221;#1b7091&#8243;]<\/p>\n<h6 class=\"trx_addons_no_margin\">Supporto a Famiglie con Bambini<\/h6>\n<p>[\/vc_cta][vc_cta h2=&#8221;&#8221; color=&#8221;grey&#8221; add_icon=&#8221;left&#8221; i_icon_fontawesome=&#8221;icon-info&#8221; i_color=&#8221;white&#8221; i_background_style=&#8221;rounded-less&#8221; i_background_color=&#8221;custom&#8221; i_link=&#8221;url:https%3A%2F%2Fcavbesana.it%2F%3Fpage_id%3D70|target:_blank&#8221; i_custom_background_color=&#8221;#9eb9c3&#8243;]<\/p>\n<h6 class=\"trx_addons_no_margin\">Sostegno a donne in tema di aborto<\/h6>\n<p>[\/vc_cta][\/vc_column][vc_column width=&#8221;1\/2&#8243; offset=&#8221;vc_col-lg-7 vc_col-md-6 vc_col-xs-12&#8243;][\/vc_column][\/vc_row][vc_row][vc_column][\/vc_column][\/vc_row]<\/p>\n","protected":false},"excerpt":{"rendered":"<p>[vc_row css=&#8221;.vc_custom_1488453351735{padding-bottom: 5.76rem !important;}&#8221;][vc_column width=&#8221;1\/2&#8243;][vc_column_text css=&#8221;.vc_custom_1686575321950{margin-bottom: 2.2rem !important;}&#8221;] &#8211;Centro Aiuto alla Vita &#8211; Besana Brianza [\/vc_column_text][vc_column_text]1987.In quegli anni anche a Besana ci sono state situazioni emergenziali dalle pi\u00f9 tragiche, con donne morte per setticemia a situazioni pi\u00f9 ricorrenti di persone che non si sentivano di continuare la gravidanza soprattutto per problemi economici: \u201cio impegnato nella vita comunitaria di questo piccolo&hellip;<\/p>\n","protected":false},"author":1,"featured_media":0,"parent":0,"menu_order":0,"comment_status":"closed","ping_status":"closed","template":"","meta":{"footnotes":""},"class_list":["post-52","page","type-page","status-publish","hentry"],"_links":{"self":[{"href":"https:\/\/cavbesana.it\/index.php?rest_route=\/wp\/v2\/pages\/52","targetHints":{"allow":["GET"]}}],"collection":[{"href":"https:\/\/cavbesana.it\/index.php?rest_route=\/wp\/v2\/pages"}],"about":[{"href":"https:\/\/cavbesana.it\/index.php?rest_route=\/wp\/v2\/types\/page"}],"author":[{"embeddable":true,"href":"https:\/\/cavbesana.it\/index.php?rest_route=\/wp\/v2\/users\/1"}],"replies":[{"embeddable":true,"href":"https:\/\/cavbesana.it\/index.php?rest_route=%2Fwp%2Fv2%2Fcomments&post=52"}],"version-history":[{"count":18,"href":"https:\/\/cavbesana.it\/index.php?rest_route=\/wp\/v2\/pages\/52\/revisions"}],"predecessor-version":[{"id":1510,"href":"https:\/\/cavbesana.it\/index.php?rest_route=\/wp\/v2\/pages\/52\/revisions\/1510"}],"wp:attachment":[{"href":"https:\/\/cavbesana.it\/index.php?rest_route=%2Fwp%2Fv2%2Fmedia&parent=52"}],"curies":[{"name":"wp","href":"https:\/\/api.w.org\/{rel}","templated":true}]}}

<p>[vc_row css=&#8221;.vc_custom_1488453351735{padding-bottom: 5.76rem !important;}&#8221;][vc_column width=&#8221;1/2&#8243;][vc_column_text css=&#8221;.vc_custom_1686575321950{margin-bottom: 2.2rem !important;}&#8221;]</p>
<h2><span class="trx_addons_hover">&#8211;</span>Centro Aiuto alla Vita<span class="trx_addons_hover"> &#8211; Besana Brianza<br />
</span></h2>
<p>[/vc_column_text][vc_column_text]1987.In quegli anni anche a Besana ci sono state situazioni emergenziali dalle più tragiche, con donne morte per setticemia a situazioni più ricorrenti di persone che non si sentivano di continuare la gravidanza soprattutto per problemi economici:</p>
<p>“io impegnato nella vita comunitaria di questo piccolo paese mi sono sentito sollecitato da questa situazione. Nel massimo rispetto della libertà degli altri volevo dare alle persone che erano in questa situazione la possibilità di scegliere liberamente., volevo proporre qualcosa che sarebbe stato in grado di dire ad una persona in difficoltà: guarda che ti possiamo dare una mano sia dal punto di vista sanitario, sia dalla punta di vista economico e psicologico perché la vita e importante, la vita è bella e se ti vuoi tenere il bambino avrai tutti gli aiuti necessari per portare avanti e far crescere la tua creatura.</p>
<p>&#8220;Annoni Costante &#8211; Fondatore CAV&#8221;[/vc_column_text][/vc_column][vc_column width=&#8221;1/2&#8243;][vc_single_image image=&#8221;1311&#8243; img_size=&#8221;420&#215;401&#8243; alignment=&#8221;center&#8221;][/vc_column][/vc_row][vc_row full_width=&#8221;stretch_row&#8221; css=&#8221;.vc_custom_1686827020297{padding-top: 6.65rem !important;padding-bottom: 7.6rem !important;background-image: url(https://cavbesana.it/wp-content/uploads/2023/06/Cav_besana_aiuto3.jpg?id=1509) !important;background-position: center !important;background-repeat: no-repeat !important;background-size: cover !important;}&#8221;][vc_column width=&#8221;1/2&#8243; offset=&#8221;vc_col-lg-5 vc_col-md-6 vc_col-xs-12&#8243;][vc_column_text css=&#8221;.vc_custom_1686826688448{margin-bottom: 2.5rem !important;}&#8221;]</p>
<h2 class="sc_item_title sc_title_title sc_align_left sc_item_title_style_default sc_item_title_tag">Gli Obbiettivi del CAV-Besana</h2>
<p>[/vc_column_text][vc_cta h2=&#8221;&#8221; color=&#8221;grey&#8221; add_icon=&#8221;left&#8221; i_icon_fontawesome=&#8221;icon-info&#8221; i_color=&#8221;white&#8221; i_background_style=&#8221;rounded-less&#8221; i_background_color=&#8221;custom&#8221; i_link=&#8221;url:https%3A%2F%2Fcavbesana.it%2F%3Fpage_id%3D70|target:_blank&#8221; i_custom_background_color=&#8221;#f05f5a&#8221;]</p>
<h6 class="trx_addons_no_margin">Supporto a donne in gravidanza</h6>
<p>[/vc_cta][vc_cta h2=&#8221;&#8221; color=&#8221;grey&#8221; add_icon=&#8221;left&#8221; i_icon_fontawesome=&#8221;icon-info&#8221; i_color=&#8221;white&#8221; i_background_style=&#8221;rounded-less&#8221; i_background_color=&#8221;custom&#8221; i_link=&#8221;url:https%3A%2F%2Fcavbesana.it%2F%3Fpage_id%3D70|target:_blank&#8221; i_custom_background_color=&#8221;#1b7091&#8243;]</p>
<h6 class="trx_addons_no_margin">Supporto a Famiglie con Bambini</h6>
<p>[/vc_cta][vc_cta h2=&#8221;&#8221; color=&#8221;grey&#8221; add_icon=&#8221;left&#8221; i_icon_fontawesome=&#8221;icon-info&#8221; i_color=&#8221;white&#8221; i_background_style=&#8221;rounded-less&#8221; i_background_color=&#8221;custom&#8221; i_link=&#8221;url:https%3A%2F%2Fcavbesana.it%2F%3Fpage_id%3D70|target:_blank&#8221; i_custom_background_color=&#8221;#9eb9c3&#8243;]</p>
<h6 class="trx_addons_no_margin">Sostegno a donne in tema di aborto</h6>
<p>[/vc_cta][/vc_column][vc_column width=&#8221;1/2&#8243; offset=&#8221;vc_col-lg-7 vc_col-md-6 vc_col-xs-12&#8243;][/vc_column][/vc_row][vc_row][vc_column][/vc_column][/vc_row]</p>

<p>[vc_row css=&#8221;.vc_custom_1488453351735{padding-bottom: 5.76rem !important;}&#8221;][vc_column width=&#8221;1/2&#8243;][vc_column_text css=&#8221;.vc_custom_1686575321950{margin-bottom: 2.2rem !important;}&#8221;] &#8211;Centro Aiuto alla Vita &#8211; Besana Brianza [/vc_column_text][vc_column_text]1987.In quegli anni anche a Besana ci sono state situazioni emergenziali dalle più tragiche, con donne morte per setticemia a situazioni più ricorrenti di persone che non si sentivano di continuare la gravidanza soprattutto per problemi economici: “io impegnato nella vita comunitaria di questo piccolo&hellip;</p>
